-59 - ((1 - 2) + 7).
-53
Evaluate 36 + (-33 - -81) - 49.
35
Calculate (22 - 13) + 2 + -8 - (15 - (1 + -5)).
-16
-14 - (-6 + -2 - (-232 - -255))
17
What is the value of 7 - (4 + -2) - (-9 - (65 - 141))?
-62
Evaluate 0 + (4 - -48) + -38.
14
-8 + 10 + (36 - -22)
60
Calculate 834 - 770 - (1 - 2).
65
Calculate -22 + 4 + 20 + -20 + 18.
0
Calculate 322 + -119 - 92 - 66.
45
What is 0 + -4 + -25 + -7 + (-13 - -64)?
15
Calculate -51 + (17 - -59) + 14.
39
What is (59 - -63) + -227 + 82?
-23
Calculate 56 + -1 - (35 - -61).
-41
What is -61 + 49 + -104 + 18?
-98
What is the value of 64 + -113 + -1 + 31?
-19
Evaluate (1 - 6) + 17 - ((-21 - -14) + 54 - 26).
-9
Evaluate (-5 - -33) + (-175 - -206).
59
24 - (-18 - (6 - (-28 + 26)))
50
Calculate (1 + -35 - -103) + -23 - (1 + (-7 - 1)).
53
What is the value of 22 + (-14 - -1) - -17?
26
What is 58 + (17 - 73) - -42?
44
What is the value of (-2 - (-7 - 4) - 8) + -6 + 50?
45
-8 + (-15 - -7 - -2) + 9 + 28
23
Evaluate 20 - (-76 + 14 + 138).
-56
What is 8 + (-86 - -1) + (4 + -31 - -6)?
-98
Calculate -28 + (-3 - (-17 + (8 - -17))).
-39
Evaluate 6 + (-42 - (3 + (-39 - -17) + 8)).
-25
0 + (-10 + -2 - (-126 - -127)) - 21
-34
What is the value of -3 - (-164 + -49 - -152)?
58
What is -9 + 1 - (-53 + -22) - (-11 + -13 + 26)?
65
Evaluate -98 + (-114 - -128) + -2 + -19.
-105
Calculate 38 + 3 + 0 - (27 + 12 + -17).
19
-1 + (16 - 0) - -1 - (-26 - -11)
31
Evaluate -21 + (3 - 20) + (110 - 64).
8
What is the value of 11 - ((-2 - -16) + (-24 - (-4 - -30 - 165)))?
-118
Calculate -74 + 161 + 9 + -59.
37
Evaluate 10 + (-29 + 1 - (-15 + 12 - -11)) - -3.
-23
What is the value of -917 - -831 - (-12 + 13)?
-87
Calculate -3 + 6 + (-12 - (-56 + (-2 - 0))) - 9.
40
Evaluate -250 + 263 + -127 + (2 + 0 - 15).
-127
Calculate -5 - (0 + 11 + -5 - 18).
7
Evaluate 2 + 11 + 1 + (-3 - (34 - -14)).
-37
What is (43 - (-1 + -7)) + (10 - 37) + 45?
69
Evaluate -12 - (-24 + 66 - 17).
-37
What is -41 + (12 - 5) + 44?
10
Evaluate 34 - (34 + 1) - (56 + -3).
-54
What is (-2 - -1 - 34) + (3 + (1 - 5) - -4)?
-32
What is -10 + (12 - 16) + 35 + -7 - -37?
51
(-9 - (11 + -15)) + 20 + -16
-1
What is -30 - (-17 - -10) - 11 - 1?
-35
What is 79 - (4 - (-4 + 7)) - (-28 + 16)?
90
What is the value of -24 + (18 - (-4 - 7 - -20)) + 60?
45
What is -41 - ((-2 - -8 - -3) + -6 + 1 + -13)?
-32
Calculate (4 - 20) + (12 - 2) - (7 - 75).
62
What is the value of (4 - 2) + -2 + 0 - (-8599 + 8635)?
-36
Evaluate (20696 - 20610) + 0 + -1.
85
What is the value of -21 + 123 + (-27 - (-20 - -10 - -4))?
81
What is (0 - (-9 + (-12 - -10))) + (4 - (-3 + -55))?
73
68 - -44 - 115 - 32
-35
What is -25 + (-22 - 0 - (-316 + 343))?
-74
(-1188 - -1269) + (-51 - -1)
31
What is -1126 - -1131 - (-2 + 5)?
2
(-30 - (13 + -10)) + (-20 - -11) + 19
-23
Evaluate (-12 + 13 - 21 - -33) + 5.
18
(-8 - -8) + 2 + 7 - (15 - 60)
54
-2 - (107 - (58 - -25)) - (-1 - -21)
-46
Calculate 1 - 2 - (900 - 913).
12
What is (25 - (35 + 14 + -32)) + -53?
-45
39 + -2 + -34 - -8
11
(11 - (-11 + 33)) + 3 + 16 - (95 + -1)
-86
Evaluate 12 - ((-113 - -51) + 70).
4
Calculate -25 + 40 + -114 + 20 + (-3 - 1).
-83
(0 - -10) + (71 - (69 - -30))
-18
-5 - 12 - (36 - (19 + 21))
-13
50 + -23 - 11 - (0 + -19)
35
Evaluate -9 + 16 + (2 - (18 + -2) - 15).
-22
Calculate 79 + -173 + -15 - -99.
-10
Evaluate 40 - (52 - (110 - 46)).
52
Evaluate (9 - (4 - 4)) + 40 + (26 - 20) + 4.
59
Evaluate -70 + (86 - -12) + -60.
-32
Calculate 20 - ((46 - 62) + 3).
33
Calculate -5 + 10 - -3 - (-1 - -4 - (20 - 5)).
20
What is 144 + -118 + -4 + 2?
24
Calculate 18 + (2 + 22 + -33 - -31).
40
What is the value of -49 + 56 + -38 + 33?
2
What is the value of -26 - (-30 + 13) - (45 + 18 + 15)?
-87
What is (4 - -6 - 3 - -100) + (9 + 2 - 18)?
100
Evaluate 0 + (22 - (17 - 14) - 6) - (-122 - 0).
135
What is the value of 244 + -243 - (32 + 3)?
-34
Calculate -9 + 22 + (-28 - (17 - 77)).
45
-60 + 73 + -41 + -1 + 13
-16
Evaluate 6565 + -6502 - (2 + -4 - -26).
39
What is the value of -343 + 338 - (8 + -1) - (-1 - -4)?
-15
Calculate (-12 - (-4 - 4 - (-85 - -78))) + 50.
39
Evaluate 3 + 28 + -26 + (57 - -4) + -1.
65
What is -1 + 62 + -190 + 351 + -152?
70
What is the value of -13 + (-18 + (19 - 14 - -9) - 18) - 14?
-49
Calculate 2 + (2 - 37) - (32 - (-43 - -81)).
-27
What is the value of 17 - ((68 - 23) + -62 + 33 + 1)?
0
What is (8985 - 8998) + (1 + (-1 - 1) - -4)?
-10
Evaluate -11 - (-54 + -13 + -3 + 33 + -50).
76
Calculate -18 + -58 + 170 - 27.
67
Evaluate -3 + 36 + -129 + 68.
-28
Calculate -6 + -25 - (273 - 297).
-7
Evaluate (22 - 0 - (-139 - -113)) + -9.
39
Calculate 45 - ((2 - 2) + (-3 - (-34 - -31))).
45
6252 + -6243 + (-1 - 0 - (1 - 27)) - -10
44
5 + -3 - (13 + 0 + 21 + 71)
-103
Evaluate -44 + 51 + 0 + -13.
-6
What is the value of 28 - ((-403 - -419) + 2 + 51)?
-41
What is the value of -33 + (-37 - (47 + 16)) - (-1 - -19)?
-151
What is the value of -1 - (-52 - -16) - 19?
16
Calculate (-239 + 90 - -139) + 1 + -10.
-19
Evaluate (20 - -1) + -30 - (7 + -20).
4
Calculate 83 + (-2 - 54 - -37 - 3).
61
Evaluate -31 - (-11 - -6) - (-4 + 1 - (1 + -1)).
-23
What is the value of -2 - ((-40 + 29 + -18 - -11) + 60)?
-44
What is the value of (22 - (34 + 60)) + -18 + 3?
-87
-481 + 419 + (50 - 1) - ((-2 - 0) + 0)
-11
Evaluate (-204 + 209 - (-5 - -2 - (-16 - -3))) + 45.
40
Evaluate -6 + 9 + (-12 - (-25 + 5)).
11
Evaluate 17 + (-4 + -44 - 12) + (2 - 0).
-41
What is the value of (-51 - -69) + -95 - -44?
-33
Calculate -5 - 16 - ((-5 - -7) + (-2 - (-5 + 5))).
-21
What is -14 + (8 - (16 + 2)) + 38 + -118?
-104
Evaluate (-162 + 95 - -80) + 3 + (2 - -2).
20
Evaluate 28 + (25 + -11 - 13) + 3 + 2.
34
Evaluate (-40 + 48 + -18 - (-1 - 20)) + 66.
77
Evaluate 1 + (13 - 2) + 51 + -96 + 7.
-26
Evaluate (3 - 0) + 11 + (-42 - (143 - 104)).
-67
Evaluate 29 + (29 - 16 - 21 - 15).
6
Calculate 1 + -20 - (308 - 391) - (4 - 23).
83
What is 11 - ((-24 - (-19 + -8)) + 8 + 1)?
-1
Evaluate (4 - (30 + -17 + (10 - 9) + -11)) + -7.
-6
-1 - (-2 - (-41 + 1)) - (-49 - -66 - 14)
-42
What is (38 - -1) + (238 - 275) + (-11 - -1)?
-8
-1190 + 1160 + 65 + 4
39
What is the value of 10 - (-1 + 1 + 3 - (-76 - -70))?
1
What is -6 - ((1 - 6) + (9 + -70 - 26))?
86
(6 + -12 - (8 + 0 + -14)) + -45
-45
Evaluate -21 + 9 + 23 - -7 - 41.
-23
What is 249 + -215 + (-39 - 1)?
-6
Calculate 188 + (170 - 328) + (-7 - -1).
24
-46 + -16 - (-49 + 3)
-16
Evaluate (-57 + 71 - (-19 - 4)) + -17.
20
What is the value of 37 + 2 - ((-1 - -24) + (-324 - -307))?
33
What is (-12 - -22) + (15 - (-8 - -19))?
14
What is the value of 58 - (128 - 58) - 40?
-52
What is the value of -45 - (-21 - (4 - (-3 + 13)))?
-30
(-9 - -40 - 26 - 107) + -9
-111
Calculate -16 + -1 + 61 + -131 + 88.
1
Evaluate -4 + (-44 - (16 - 34)) - 38.
-68
What is 18 + (-59 + 11 - -22) + -13 + (3 - 3)?
-21
(-34 - 1) + (-11 - 11) + 19 + -9 + 2
-45
Evaluate -2 - -28 - (-1495 - -1506).
15
Calculate -1 - 75 - -57 - -27.
8
Evaluate (-2 - (-5 + -12 + 26)) + 31.
20
What is the value of (1 - -50 - (18 - (2 - -11))) + (-2 - 0)?
44
What is -3 - ((4 - 6) + 35 - -1)?
-37
Evaluate -28 + (-23 + -28 - -86).
7
What is 10 + -4 + 40 - (-14 + (29 - 11))?
42
Evaluate -1 - 46 - (15 - -7 - 8 - -2 - 10).
-53
What is the value of (-82 - (-3 - -1) - (18 + -24)) + -138 + 140?
-72
Calculate -12 + (-40 - -24) + 2 + (7 - 8).
-27
Calculate 34 - (5 - (-179 + 79)).
-71
What is (-549 - -598 - (-13 + 1)) + (-12 - -31)?
80
What is -4 - ((60 - 70) + (-4 - (0 + 2))) - -6?
18
What is the value of -11 - -3 - -4 - 5 - (209 - 205)?
-13
Evaluate (96 - 4) + (1092 - 1164).
20
Calculate 88 + (47 - 135) + 46.
46
Calculate -52 + -63 - (5 - (7 + (-2 - -11))).
-104
What is the value of 4 + ((-18 - -44) + -68 - 13)?
-51
What is the value of -15 - -11 - (-34 + (-4 - -6) + -2)?
30
What is 1 - -1 - ((33 - 27) + 7 + (0 - 9))?
-2
What is the value of 8 + 26 + -50 + -32 + 63?
15
Evaluate 18847 - 18851 - ((-2 - (3 + -2) - -2) + -5).
2
Calculate -29 + 1 + (834 - 825) - -72.
53
Evaluate 12 + -30 + -29 + 20.
-27
Evaluate -40 - (33 - 63 - 10).
0
Calculate 7 + (6 + 10 - 19) + (-2 - 2) + 11.
11
(-19 - -2) + (931 - 834)
80
What is 26 + 60 - 49 - 29?
8
-1926 + 1906 + (-4 - 0 - -4)
-20
Evaluate -110 - -64 - (-25 - 33).
12
-29 - -58 - (-12 + (5 - 0) - (-13 + 0))
23
Evaluate -3 + -47 + 37 + 3.
-10
Evaluate (-1776 - -1933) + 0 + -95.
62
What is -1 + 27 + 0 - (16 + 4